st common factor of o and 6.
6
Suppose 0 = -4*v - w + 5*w + 252, 5*w = 0. Let u = 15 + -6. What is the greatest common divisor of u and v?
9
Let t = 66 - 40. Let q = -12 + t. Suppose 0 = -j + 48 + 78. What is the greatest common divisor of j and q?
14
Let h(f) = 6 - 2*f + 4 + 6*f - 3*f. Let u be h(-8). Let y be 0/2*1 - -1. What is the highest common factor of y and u?
1
Suppose -3*r + 2*k = -5*r + 10, -2*r + 5*k = 25. Let y be (r - 4)/((-4)/18). Calculate the greatest common factor of 162 and y.
18
Let n(k) = 4*k**2 - k - 8. Let g be n(6). Calculate the highest common factor of g and 52.
26
Suppose 3*q - 11 = -2. Let h be 34/6 - 2/q. Suppose -w - 4*w + 10 = 0. What is the greatest common factor of w and h?
1
Let o = -196 + 313. What is the highest common factor of 13 and o?
13
Suppose 5*l + 4*r - 17 = 0, -4*l - l - 5*r + 20 = 0. Calculate the highest common divisor of l and 7.
1
Let x(k) = -3*k - 1. Let y be x(2). Let j = y - -13. What is the highest common divisor of j and 30?
6
Let b be (7 + (-3)/3)/2. Let s be (-196)/b*12/(-8). What is the greatest common factor of s and 14?
14
Suppose 17*j - 230 + 60 = 0. Calculate the greatest common factor of j and 4.
2
Let c be 2/(-7) + (-522)/(-63). Let f(u) = -u**3 + 9*u**2 + 5*u + 4. Let g be f(c). Calculate the highest common factor of g and 12.
12
Let b(m) = m**2 - 4*m + 5. Let j be b(9). Suppose 5*z = 99 + 1. Calculate the highest common factor of z and j.
10
Let c(q) = -q**3 + 8*q**2 - 6*q - 5. Let o be c(7). Suppose 7*f - o*f = 30. What is the greatest common divisor of f and 6?
6
Let l be (-54)/(-15)*(-10)/(-6). What is the highest common divisor of l and 12?
6
Let s(w) = -8*w**3 - w**2 - 4*w + 3. Let v be s(2). Let o = -34 - v. What is the highest common divisor of o and 13?
13
Let p(o) = o**2 - 4*o + 3. Suppose 2*r - 12 + 0 = 0. Let i be p(r). What is the greatest common factor of i and 15?
15
Let b = -18 + 8. Let p be ((-4)/8)/(1/b). What is the greatest common divisor of p and 40?
5
Let g(m) = -m**2 + 6*m. Let l be g(6). Suppose -3*u - u = -5*o + 47, l = 3*o + 2*u - 37. Calculate the greatest common divisor of o and 22.
11
Let r = 25 - 16. Suppose 4*g - 1 = -t, -3*t + 11 = 5*g + 1. Suppose 6 = 5*y + t*q - 2*q, 4*y - 5*q = 27. Calculate the greatest common divisor of r and y.
3
Let p be (5/3)/(9/27). Suppose -5*r + 32 = -18. Calculate the highest common factor of r and p.
5
Let h(y) = -7*y - 60. Let a be h(-16). What is the greatest common divisor of 26 and a?
26
Suppose -5*s = m - 240, 3*m = m + 5*s + 405. Calculate the greatest common divisor of 86 and m.
43
Let p = -64 - -116. Suppose 0 = 4*b + 2*j - p, -4 = -b - 5*j - 0*j. What is the highest common factor of 14 and b?
14
Let z(d) = 2*d**2 + 16*d - 6. Let o be z(-13). Calculate the greatest common factor of o and 31.
31
Let k = 7 + 7. What is the greatest common divisor of 238 and k?
14
Let f be (5084/205)/(0 + 2/5). Calculate the highest common factor of f and 496.
62
Let g = 42 + -14. Let a(p) = -18*p - 2. Let d be a(-4). What is the highest common factor of g and d?
14
Let y be 1 + 0 + (-2)/(-1). Suppose -51 = -y*u + 57. What is the greatest common factor of u and 12?
12
Let o(j) = 2*j - 10. Let x be o(7). Suppose x*y + 10 = 5*t, 0 + 2 = -y + t. Let f = 18 + y. What is the greatest common divisor of 2 and f?
2
Let d = 17 - 6. Calculate the greatest common divisor of 11 and d.
11
Let j = -63 - -103. Suppose 0 = 4*v + v. Suppose 0 = -v*k - 3*k + 4*l + 320, 4*k = -4*l + 380. What is the highest common factor of j and k?
20
Let m = 47 - 12. Let i = m - -5. What is the greatest common divisor of 10 and i?
10
Suppose -3*k = 3*p - 195, 5*p + 3 + 2 = 0. Let b be (-1)/(1 - (-3)/(-2)). Let i = 4 + b. What is the greatest common factor of i and k?
6
Suppose 2*g - 3*g + 11 = w, 0 = 4*w + 20. Suppose 92 = 3*s - 436. Calculate the greatest common factor of g and s.
16
Suppose 2*d + 2 = 10. Suppose 14*m - 15*m - 5*j = 15, -2*j + 30 = 4*m. Calculate the highest common divisor of m and d.
2
Suppose -84 = -8*l + 5*l. Calculate the greatest common factor of 84 and l.
28
Suppose m = -m + 10. Suppose -2 - 13 = -m*g. Let k be (-12)/18 + 62/g. What is the highest common factor of 50 and k?
10
Let f = -9 + 14. Suppose g = -2*w + 28, -5*g + w - 3*w = -108. What is the greatest common divisor of g and f?
5
Let o = -42 + 133. Calculate the greatest common divisor of o and 7.
7
Let w = -2 - -16. Let s = w + 3. Calculate the greatest common factor of 85 and s.
17
Suppose 3*w - 8*w + 65 = 0. Suppose 4*q - w - 23 = 0. Let x be (4 + -2)/((-4)/(-18)). What is the highest common divisor of q and x?
9
Suppose -2*h - 22 + 0 = 0. Let a be (-1 + h)/((-2)/8). Let r(o) = o**3 - 10*o**2 + 2*o - 8. Let n be r(10). What is the highest common factor of a and n?
12
Suppose 2*s + 84 = a + 3*a, 76 = 4*a - 4*s. Let l = -11 + a. Let v(x) = -132*x. Let k be v(-1). What is the greatest common divisor of k and l?
12
Let l be 2*((-21)/(-2) + -2). Let q(i) = -i**2 - 9*i - 6. Let y be q(-8). Let r be 17 - y/(-4)*0. Calculate the highest common divisor of l and r.
17
Suppose 5*d - 15 = 2*t - 5*t, 5*d + 15 = 0. Calculate the highest common factor of t and 4.
2
Suppose -3*v + 6 = -69. Let i(s) = 21*s - 10. Let h be i(10). Calculate the greatest common divisor of h and v.
25
Let z be (-7 - 6/2) + 4. Suppose -2*l = 2*l - 1188. Let g be 4/(-3)*l/z. What is the highest common divisor of g and 22?
22
Suppose n - 23 = 3*r, -4*n + 41 = -r + 6*r. Suppose -5*u - 2*g + 60 = 3*g, -2*g = -10. Calculate the highest common divisor of n and u.
7
Let w(i) be the second derivative of -i**3/3 - 5*i**2/2 + 3*i. Let g be w(-6). Calculate the greatest common divisor of 56 and g.
7
Suppose 3*a + 5*g - 56 = 0, -a + 5*g = -5*a + 68. What is the highest common factor of a and 48?
12
Suppose -80 = -3*w - 2*w - 5*k, 0 = 4*k + 16. Let p be (51/6 - 0)*-22. Let c = -87 - p. What is the highest common factor of w and c?
20
Suppose -7 = 2*n - n. Let a = n + 16. Let v(s) = 46*s**2 - 2*s + 1. Let k be v(1). What is the highest common divisor of k and a?
9
Suppose 3*n - p - 35 = 0, 0 = -p + 3*p - 8. What is the highest common divisor of n and 143?
13
Let d = 90 - 50. Calculate the highest common divisor of d and 5.
5
Let m(h) = -3*h**3 + h**2 + 4*h + 5. Let r be m(6). Let a = -381 - r. Suppose -2*s + a = 2. Calculate the highest common divisor of 10 and s.
10
Let v = 270 - 150. Let b = 0 - 7. Let i(w) = -w + 5. Let f be i(b). What is the highest common divisor of v and f?
12
Let v(p) = p**3 + 6*p**2 - 6*p - 1. Let c be v(-6). Calculate the highest common divisor of c and 7.
7
Suppose -3*x + 2*h = -5*x + 64, x + 2*h - 33 = 0. What is the highest common divisor of 31 and x?
31
Let h = -11 - -22. Suppose w + 3*s + 23 = 0, w = 5*s + 1 - 0. Let g = w - -25. What is the highest common factor of g and h?
11
Let x(g) = -3*g**2 + g + 3. Let u(r) = -6*r**2 + r + 5. Let k(s) = 2*u(s) - 5*x(s). Let n be k(-6). Calculate the greatest common divisor of n and 11.
11
Let n(l) = 6*l - 3. Let r be n(5). Suppose 6*o = 3*o - r. Let a be (-3)/o + 11/3. Calculate the highest common divisor of a and 4.
4
Let u be (-342)/(-54) - (-2)/3. Calculate the highest common factor of 49 and u.
7
Let m(w) = 2*w - 5. Let k be m(-6). Let l = k - -33. What is the highest common factor of l and 80?
16
Suppose -o + 14 + 51 = 2*c, -3*c + 4*o = -70. What is the greatest common divisor of 50 and c?
10
Let i be (-2)/8 + (-41)/(-4). Let b be (-1)/1 - (9 - 46). Let c = b + -11. What is the greatest common factor of c and i?
5
Let u be (-1*3)/(-1 + 0). Suppose -6 = a - 0*a. Let z be (1/2)/(a/(-72)). Calculate the greatest common factor of u and z.
3
Suppose 2*f - 2*d - 103 = -f, -4*d = -4. What is the greatest common divisor of f and 7?
7
Let a(o) = -4*o - 11. Let q be a(-3). Calculate the greatest common divisor of 7 and q.
1
Let o(z) = -z**3 + 8*z**2 + 3. Let n be o(8). Calculate the highest common divisor of n and 15.
3
Let a be 1 - 12/3*-1. Suppose a = 2*z + 1. Let n be 4/(z*(-2)/(-4)). What is the highest common factor of 28 and n?
4
Let i be 6/(-2)*1 - -241. Calculate the greatest common factor of 34 and i.
34
Suppose -4*k + 112 = 4*t, t + 2*t - 2*k - 84 = 0. What is the highest common divisor of 14 and t?
14
Let z(p) = -4*p - p + 7 + 3*p + 3*p. Let f be z(13)